{"id":256,"date":"2015-09-26T19:00:42","date_gmt":"2015-09-26T17:00:42","guid":{"rendered":"http:\/\/www.tv-forst-handball.de\/cms\/?page_id=256"},"modified":"2020-10-12T10:53:05","modified_gmt":"2020-10-12T08:53:05","slug":"2-mannschaft","status":"publish","type":"page","link":"https:\/\/www.tv-forst-handball.de\/cms\/2-mannschaft\/","title":{"rendered":"2. Mannschaft"},"content":{"rendered":"<p>Die 2. Herrenmannschaft geht mit einer guten Mischung aus A-Jugendlichen, Senioren und alten Haudegen in die neue Saison.<\/p>\n<p>Da wir im letzten Jahr keine zweite Mannschaft melden konnten, startet diese in der 3. Bezirksliga des Bezirks Alb-Enz-Saal. Diese Spielklasse sehen wir gleichzeitig als Chance f\u00fcr den Einstieg unserer A-Jugendlichen in den aktiven Herrenbereich. So k\u00f6nnen diese schrittweise an das k\u00f6rperliche Niveau hingef\u00fchrt werden.<\/p>\n<p>Die Trainingseinheiten sind mittlerweile wieder voll im Gange und Schritt f\u00fcr Schritt haben sich auch unsere Lebenserfahrenen wieder von der Couch gesch\u00e4lt und greifen in den Trainingsbetrieb ein. So ist immer Einiges los in der Halle und auch komplexere Einheiten k\u00f6nnen problemlos durchgef\u00fchrt werden. Die Motivation aller ist hoch und der Spa\u00df kommt dabei nat\u00fcrlich auch nicht zu kurz.<\/p>\n<p>Die Saisonziele sind vorrangig zu schauen, wo die Mannschaft im aktiven Herrenbereich steht und unsere jungen Spieler an diesen heranzuf\u00fchren. Die k\u00f6rperlichen Nachteile m\u00f6chte man durch schnelles Spiel ausgleichen und so f\u00fcr die ein- oder andere \u00dcberraschung in dieser Klasse sorgen.<\/p>\n<figure id=\"attachment_6922\" aria-describedby=\"caption-attachment-6922\" style=\"width: 2560px\" class=\"wp-caption alignnone\"><a href=\"https:\/\/www.tv-forst-handball.de\/cms\/wp-content\/uploads\/2020\/10\/2_Herren-scaled.jpg\" rel=\"lightbox[256]\"><img loading=\"lazy\" decoding=\"async\" class=\"size-full wp-image-6922\" src=\"https:\/\/www.tv-forst-handball.de\/cms\/wp-content\/uploads\/2020\/10\/2_Herren-scaled.jpg\" alt=\"\" width=\"2560\" height=\"1495\" srcset=\"https:\/\/www.tv-forst-handball.de\/cms\/wp-content\/uploads\/2020\/10\/2_Herren-scaled.jpg 2560w, https:\/\/www.tv-forst-handball.de\/cms\/wp-content\/uploads\/2020\/10\/2_Herren-300x175.jpg 300w, https:\/\/www.tv-forst-handball.de\/cms\/wp-content\/uploads\/2020\/10\/2_Herren-1024x598.jpg 1024w, https:\/\/www.tv-forst-handball.de\/cms\/wp-content\/uploads\/2020\/10\/2_Herren-768x448.jpg 768w, https:\/\/www.tv-forst-handball.de\/cms\/wp-content\/uploads\/2020\/10\/2_Herren-1536x897.jpg 1536w, https:\/\/www.tv-forst-handball.de\/cms\/wp-content\/uploads\/2020\/10\/2_Herren-2048x1196.jpg 2048w\" sizes=\"auto, (max-width: 2560px) 100vw, 2560px\" \/><\/a><figcaption id=\"caption-attachment-6922\" class=\"wp-caption-text\">OLYMPUS DIGITAL CAMERA<\/figcaption><\/figure>\n","protected":false},"excerpt":{"rendered":"<p>Die 2. Herrenmannschaft geht mit einer guten Mischung aus A-Jugendlichen, Senioren und alten Haudegen in die neue Saison. Da wir im letzten Jahr keine zweite Mannschaft melden konnten, startet diese in der 3. Bezirksliga des Bezirks Alb-Enz-Saal. Diese Spielklasse sehen wir gleichzeitig als Chance f\u00fcr den Einstieg unserer A-Jugendlichen in den aktiven Herrenbereich. So k\u00f6nnen &hellip; <a href=\"https:\/\/www.tv-forst-handball.de\/cms\/2-mannschaft\/\" class=\"more-link\"><span class=\"screen-reader-text\">2. Mannschaft<\/span> weiterlesen <span class=\"meta-nav\">&rarr;<\/span><\/a><\/p>\n","protected":false},"author":1,"featured_media":0,"parent":0,"menu_order":0,"comment_status":"closed","ping_status":"closed","template":"","meta":{"footnotes":""},"class_list":["post-256","page","type-page","status-publish","hentry"],"_links":{"self":[{"href":"https:\/\/www.tv-forst-handball.de\/cms\/wp-json\/wp\/v2\/pages\/256","targetHints":{"allow":["GET"]}}],"collection":[{"href":"https:\/\/www.tv-forst-handball.de\/cms\/wp-json\/wp\/v2\/pages"}],"about":[{"href":"https:\/\/www.tv-forst-handball.de\/cms\/wp-json\/wp\/v2\/types\/page"}],"author":[{"embeddable":true,"href":"https:\/\/www.tv-forst-handball.de\/cms\/wp-json\/wp\/v2\/users\/1"}],"replies":[{"embeddable":true,"href":"https:\/\/www.tv-forst-handball.de\/cms\/wp-json\/wp\/v2\/comments?post=256"}],"version-history":[{"count":9,"href":"https:\/\/www.tv-forst-handball.de\/cms\/wp-json\/wp\/v2\/pages\/256\/revisions"}],"predecessor-version":[{"id":6923,"href":"https:\/\/www.tv-forst-handball.de\/cms\/wp-json\/wp\/v2\/pages\/256\/revisions\/6923"}],"wp:attachment":[{"href":"https:\/\/www.tv-forst-handball.de\/cms\/wp-json\/wp\/v2\/media?parent=256"}],"curies":[{"name":"wp","href":"https:\/\/api.w.org\/{rel}","templated":true}]}}