{"id":262,"date":"2015-09-26T19:04:16","date_gmt":"2015-09-26T17:04:16","guid":{"rendered":"http:\/\/www.tv-forst-handball.de\/cms\/?page_id=262"},"modified":"2025-08-14T08:24:53","modified_gmt":"2025-08-14T06:24:53","slug":"b-jugend","status":"publish","type":"page","link":"https:\/\/www.tv-forst-handball.de\/cms\/b-jugend\/","title":{"rendered":"B-Jugend"},"content":{"rendered":"<p style=\"text-align: center;\"><strong>B-Jugend 2025\/2026<\/strong><\/p>\n\n<div class=\"wp-block-image\">\n<figure class=\"aligncenter size-large\"><a href=\"https:\/\/www.tv-forst-handball.de\/cms\/wp-content\/uploads\/2025\/08\/07_B_Jugend-scaled.jpg\" rel=\"lightbox[262]\"><img loading=\"lazy\" decoding=\"async\" width=\"1024\" height=\"503\" src=\"https:\/\/www.tv-forst-handball.de\/cms\/wp-content\/uploads\/2025\/08\/07_B_Jugend-1024x503.jpg\" alt=\"\" class=\"wp-image-7794\" srcset=\"https:\/\/www.tv-forst-handball.de\/cms\/wp-content\/uploads\/2025\/08\/07_B_Jugend-1024x503.jpg 1024w, https:\/\/www.tv-forst-handball.de\/cms\/wp-content\/uploads\/2025\/08\/07_B_Jugend-300x147.jpg 300w, https:\/\/www.tv-forst-handball.de\/cms\/wp-content\/uploads\/2025\/08\/07_B_Jugend-768x377.jpg 768w, https:\/\/www.tv-forst-handball.de\/cms\/wp-content\/uploads\/2025\/08\/07_B_Jugend-1536x755.jpg 1536w, https:\/\/www.tv-forst-handball.de\/cms\/wp-content\/uploads\/2025\/08\/07_B_Jugend-2048x1006.jpg 2048w\" sizes=\"auto, (max-width: 1024px) 100vw, 1024px\" \/><\/a><figcaption class=\"wp-element-caption\">B-Jugend 25\/26<\/figcaption><\/figure><\/div>\n\n\n<p><\/p>\n\n\n\n<p>Die B1 des TV Forst hat sich in einem wahren Qualifikationsmarathon f\u00fcr die neu geschaffene Oberliga Baden-W\u00fcrttemberg qualifiziert. Mit der Umstrukturierung werden die Mannschaften aus den badischen, w\u00fcrttembergischen und s\u00fcdbadischen Landesverb\u00e4nden nun in einer gemeinsamen Spielklasse zusammengef\u00fchrt \u2013 eine neue Herausforderung, der sich das Team mit gro\u00dfer Vorfreude stellt.<\/p>\n\n\n\n<p>Auf die Jungs um Kapit\u00e4n Max Leibold warten attraktive, teils v\u00f6llig neue Gegner wie der HC Oppenweiler\/Backnang oder den SV Salamander Kornwestheim. Mit dem TSV Rot-Malsch ist lediglich ein bekanntes Team aus der ehemaligen badischen Oberliga vertreten.<\/p>\n\n\n\n<p>Um optimal vorbereitet in die Runde zu starten, absolvierte das Team unter Trainer Julian H\u00f6rner eine intensive und vielseitige Vorbereitung. Neben den klassischen Halleneinheiten standen auch sportart\u00fcbergreifende Inhalte auf dem Programm.<\/p>\n\n\n\n<p>Die Mannschaft freut sich auf eine spannende Saison mit vielen neuen Eindr\u00fccken und der Chance, den TV Forst \u00fcber die Grenzen des Handballbezirks Schwarzwald-Rhein hinaus zu vertreten. Ziel ist es, die eigene Entwicklung konsequent voranzutreiben, mutig aufzutreten und sich auch auf ungewohntem Terrain&nbsp;zu&nbsp;behaupten.<\/p>\n\n\n\n<p>Die B2 wird in der Bezirksliga auf Punktejagd gehen und dabei auf bekannte Gegner des Handballbezirks treffen. Die Mannschaft besteht aus engagierten Spielern, meist des j\u00fcngeren Jahrgangs, die ihre Aufgabe nicht weniger ernsthaft angehen werden. Auch hier ist, neben der Weiterentwicklung der handballerischen F\u00e4higkeiten, Teamgeist und Zusammenhalt eine wichtige Komponente. So m\u00f6chte die Mannschaft durch gegenseitige Unterst\u00fctzung und mannschaftliche Geschlossenheit, als Team wachsen und sportlich erfolgreich sein. Wir freuen uns auf eine spannende Saison, viele spannende Spiele und gemeinsame Erlebnisse \u2013 auf und neben dem Spielfeld.<\/p>\n","protected":false},"excerpt":{"rendered":"<p>B-Jugend 2025\/2026 Die B1 des TV Forst hat sich in einem wahren Qualifikationsmarathon f\u00fcr die neu geschaffene Oberliga Baden-W\u00fcrttemberg qualifiziert. Mit der Umstrukturierung werden die Mannschaften aus den badischen, w\u00fcrttembergischen und s\u00fcdbadischen Landesverb\u00e4nden nun in einer gemeinsamen Spielklasse zusammengef\u00fchrt \u2013 eine neue Herausforderung, der sich das Team mit gro\u00dfer Vorfreude stellt. Auf die Jungs um &hellip; <a href=\"https:\/\/www.tv-forst-handball.de\/cms\/b-jugend\/\" class=\"more-link\"><span class=\"screen-reader-text\">B-Jugend<\/span> weiterlesen <span class=\"meta-nav\">&rarr;<\/span><\/a><\/p>\n","protected":false},"author":1,"featured_media":0,"parent":0,"menu_order":0,"comment_status":"closed","ping_status":"closed","template":"","meta":{"footnotes":""},"class_list":["post-262","page","type-page","status-publish","hentry"],"_links":{"self":[{"href":"https:\/\/www.tv-forst-handball.de\/cms\/wp-json\/wp\/v2\/pages\/262","targetHints":{"allow":["GET"]}}],"collection":[{"href":"https:\/\/www.tv-forst-handball.de\/cms\/wp-json\/wp\/v2\/pages"}],"about":[{"href":"https:\/\/www.tv-forst-handball.de\/cms\/wp-json\/wp\/v2\/types\/page"}],"author":[{"embeddable":true,"href":"https:\/\/www.tv-forst-handball.de\/cms\/wp-json\/wp\/v2\/users\/1"}],"replies":[{"embeddable":true,"href":"https:\/\/www.tv-forst-handball.de\/cms\/wp-json\/wp\/v2\/comments?post=262"}],"version-history":[{"count":17,"href":"https:\/\/www.tv-forst-handball.de\/cms\/wp-json\/wp\/v2\/pages\/262\/revisions"}],"predecessor-version":[{"id":7796,"href":"https:\/\/www.tv-forst-handball.de\/cms\/wp-json\/wp\/v2\/pages\/262\/revisions\/7796"}],"wp:attachment":[{"href":"https:\/\/www.tv-forst-handball.de\/cms\/wp-json\/wp\/v2\/media?parent=262"}],"curies":[{"name":"wp","href":"https:\/\/api.w.org\/{rel}","templated":true}]}}

<p style="text-align: center;"><strong>B-Jugend 2025/2026</strong></p>

<div class="wp-block-image">
<figure class="aligncenter size-large"><a href="https://www.tv-forst-handball.de/cms/wp-content/uploads/2025/08/07_B_Jugend-scaled.jpg" rel="lightbox[262]"><img loading="lazy" decoding="async" width="1024" height="503" src="https://www.tv-forst-handball.de/cms/wp-content/uploads/2025/08/07_B_Jugend-1024x503.jpg" alt="" class="wp-image-7794" srcset="https://www.tv-forst-handball.de/cms/wp-content/uploads/2025/08/07_B_Jugend-1024x503.jpg 1024w, https://www.tv-forst-handball.de/cms/wp-content/uploads/2025/08/07_B_Jugend-300x147.jpg 300w, https://www.tv-forst-handball.de/cms/wp-content/uploads/2025/08/07_B_Jugend-768x377.jpg 768w, https://www.tv-forst-handball.de/cms/wp-content/uploads/2025/08/07_B_Jugend-1536x755.jpg 1536w, https://www.tv-forst-handball.de/cms/wp-content/uploads/2025/08/07_B_Jugend-2048x1006.jpg 2048w" sizes="auto, (max-width: 1024px) 100vw, 1024px" /></a><figcaption class="wp-element-caption">B-Jugend 25/26</figcaption></figure></div>


<p></p>



<p>Die B1 des TV Forst hat sich in einem wahren Qualifikationsmarathon für die neu geschaffene Oberliga Baden-Württemberg qualifiziert. Mit der Umstrukturierung werden die Mannschaften aus den badischen, württembergischen und südbadischen Landesverbänden nun in einer gemeinsamen Spielklasse zusammengeführt – eine neue Herausforderung, der sich das Team mit großer Vorfreude stellt.</p>



<p>Auf die Jungs um Kapitän Max Leibold warten attraktive, teils völlig neue Gegner wie der HC Oppenweiler/Backnang oder den SV Salamander Kornwestheim. Mit dem TSV Rot-Malsch ist lediglich ein bekanntes Team aus der ehemaligen badischen Oberliga vertreten.</p>



<p>Um optimal vorbereitet in die Runde zu starten, absolvierte das Team unter Trainer Julian Hörner eine intensive und vielseitige Vorbereitung. Neben den klassischen Halleneinheiten standen auch sportartübergreifende Inhalte auf dem Programm.</p>



<p>Die Mannschaft freut sich auf eine spannende Saison mit vielen neuen Eindrücken und der Chance, den TV Forst über die Grenzen des Handballbezirks Schwarzwald-Rhein hinaus zu vertreten. Ziel ist es, die eigene Entwicklung konsequent voranzutreiben, mutig aufzutreten und sich auch auf ungewohntem Terrain&nbsp;zu&nbsp;behaupten.</p>



<p>Die B2 wird in der Bezirksliga auf Punktejagd gehen und dabei auf bekannte Gegner des Handballbezirks treffen. Die Mannschaft besteht aus engagierten Spielern, meist des jüngeren Jahrgangs, die ihre Aufgabe nicht weniger ernsthaft angehen werden. Auch hier ist, neben der Weiterentwicklung der handballerischen Fähigkeiten, Teamgeist und Zusammenhalt eine wichtige Komponente. So möchte die Mannschaft durch gegenseitige Unterstützung und mannschaftliche Geschlossenheit, als Team wachsen und sportlich erfolgreich sein. Wir freuen uns auf eine spannende Saison, viele spannende Spiele und gemeinsame Erlebnisse – auf und neben dem Spielfeld.</p>

<p>B-Jugend 2025/2026 Die B1 des TV Forst hat sich in einem wahren Qualifikationsmarathon für die neu geschaffene Oberliga Baden-Württemberg qualifiziert. Mit der Umstrukturierung werden die Mannschaften aus den badischen, württembergischen und südbadischen Landesverbänden nun in einer gemeinsamen Spielklasse zusammengeführt – eine neue Herausforderung, der sich das Team mit großer Vorfreude stellt. Auf die Jungs um &hellip; <a href="https://www.tv-forst-handball.de/cms/b-jugend/" class="more-link"><span class="screen-reader-text">B-Jugend</span> weiterlesen <span class="meta-nav">&rarr;</span></a></p>
