{"id":5260,"date":"2016-08-10T12:13:41","date_gmt":"2016-08-10T10:13:41","guid":{"rendered":"http:\/\/www.tv-forst-handball.de\/cms\/?page_id=5260"},"modified":"2026-02-23T14:52:11","modified_gmt":"2026-02-23T13:52:11","slug":"mitglied-werden","status":"publish","type":"page","link":"https:\/\/www.tv-forst-handball.de\/cms\/mitglied-werden\/","title":{"rendered":"Mitglied werden"},"content":{"rendered":"<p class=\"bodytext\">Du m\u00f6chtest Mitglied unserer starken Gemeinschaft werden?<br \/>\nUnter dem nachfolgenden Link ist die Eintrittserkl\u00e4rung zu finden.<br \/>\nDiese bitte vollst\u00e4ndig ausf\u00fcllen und direkt bei einem Trainer im Training<br \/>\nabgeben.<br \/>\n<a href=\"https:\/\/www.tv-forst.de\/service\/mitglied-werden\/\">Eintrittserkl\u00e4rung herunterladen<\/a><\/p>\n<p class=\"bodytext\">Ein Austritt aus dem Verein ist nur zum Schluss eines Kalenderhalbjahres m\u00f6glich. Der Austritt ist schriftlich gegen\u00fcber dem Vorstand unter Einhaltung einer Frist von einem Monat zu kl\u00e4ren. Das Recht zur fristlosen K\u00fcndigung der Mitgliedschaft aus wichtigem Grund bleibt hiervon unber\u00fchrt.<\/p>\n","protected":false},"excerpt":{"rendered":"<p>Du m\u00f6chtest Mitglied unserer starken Gemeinschaft werden? Unter dem nachfolgenden Link ist die Eintrittserkl\u00e4rung zu finden. Diese bitte vollst\u00e4ndig ausf\u00fcllen und direkt bei einem Trainer im Training abgeben. Eintrittserkl\u00e4rung herunterladen Ein Austritt aus dem Verein ist nur zum Schluss eines Kalenderhalbjahres m\u00f6glich. Der Austritt ist schriftlich gegen\u00fcber dem Vorstand unter Einhaltung einer Frist von einem &hellip; <a href=\"https:\/\/www.tv-forst-handball.de\/cms\/mitglied-werden\/\" class=\"more-link\"><span class=\"screen-reader-text\">Mitglied werden<\/span> weiterlesen <span class=\"meta-nav\">&rarr;<\/span><\/a><\/p>\n","protected":false},"author":4,"featured_media":0,"parent":0,"menu_order":0,"comment_status":"closed","ping_status":"closed","template":"","meta":{"footnotes":""},"class_list":["post-5260","page","type-page","status-publish","hentry"],"_links":{"self":[{"href":"https:\/\/www.tv-forst-handball.de\/cms\/wp-json\/wp\/v2\/pages\/5260","targetHints":{"allow":["GET"]}}],"collection":[{"href":"https:\/\/www.tv-forst-handball.de\/cms\/wp-json\/wp\/v2\/pages"}],"about":[{"href":"https:\/\/www.tv-forst-handball.de\/cms\/wp-json\/wp\/v2\/types\/page"}],"author":[{"embeddable":true,"href":"https:\/\/www.tv-forst-handball.de\/cms\/wp-json\/wp\/v2\/users\/4"}],"replies":[{"embeddable":true,"href":"https:\/\/www.tv-forst-handball.de\/cms\/wp-json\/wp\/v2\/comments?post=5260"}],"version-history":[{"count":10,"href":"https:\/\/www.tv-forst-handball.de\/cms\/wp-json\/wp\/v2\/pages\/5260\/revisions"}],"predecessor-version":[{"id":7831,"href":"https:\/\/www.tv-forst-handball.de\/cms\/wp-json\/wp\/v2\/pages\/5260\/revisions\/7831"}],"wp:attachment":[{"href":"https:\/\/www.tv-forst-handball.de\/cms\/wp-json\/wp\/v2\/media?parent=5260"}],"curies":[{"name":"wp","href":"https:\/\/api.w.org\/{rel}","templated":true}]}}