{"id":6862,"date":"2020-09-22T10:36:03","date_gmt":"2020-09-22T08:36:03","guid":{"rendered":"http:\/\/www.tv-forst-handball.de\/cms\/?page_id=6862"},"modified":"2021-09-27T08:17:08","modified_gmt":"2021-09-27T06:17:08","slug":"hygiene","status":"publish","type":"page","link":"https:\/\/www.tv-forst-handball.de\/cms\/hygiene\/","title":{"rendered":"HYGIENE"},"content":{"rendered":"\n<p>Liebe Handballfreunde,<\/p>\n\n\n\n<p>aufgrund der aktuellen Corona-Situation gelten f\u00fcr die Spiele in der Waldseehalle Forst besondere Hygieneregeln:<\/p>\n\n\n\n<p>F\u00fcr den Zugang zur Waldseehalle gilt die bekannte 3G-Regelung.<\/p>\n\n\n\n<p>Sportler, Betreuer und Zuschauer beachten bitte das bestehende Hygienekonzept.<\/p>\n\n\n\n<p>Der Mannschaftsverantwortliche der Gastmannschaft stellt dem Veranstalter bei Ankunft eine Best\u00e4tigung zur Verf\u00fcgung, dass alle Spielteilnehmer die 3G-Regelung erf\u00fcllen. Die Erfassung dieser Spielteilnehmer erfolgt \u00fcber den Spielbericht.<\/p>\n\n\n\n<p>Zuschauer registrieren sich im Eingangsbereich der Halle mittels Anwesenheitsnachweis oder App<\/p>\n\n\n\n<p>Bitte haltet euch an die Regeln, damit wir gemeinsam unbeschwerte Handballspiele erleben k\u00f6nnen.<\/p>\n\n\n\n<p>Wir freuen uns auf euch!<\/p>\n\n\n\n<p><\/p>\n\n\n\n<p><\/p>\n\n\n\n<div class=\"wp-block-file\"><a href=\"https:\/\/www.tv-forst-handball.de\/cms\/wp-content\/uploads\/2021\/09\/Corona-Hygienekonzept-TV-Forst-Handball-Waldseehalle-21_22.pdf\">Corona-Hygienekonzept-TV-Forst-Handball-Waldseehalle-21_22<\/a><a href=\"https:\/\/www.tv-forst-handball.de\/cms\/wp-content\/uploads\/2021\/09\/Corona-Hygienekonzept-TV-Forst-Handball-Waldseehalle-21_22.pdf\" class=\"wp-block-file__button\" download>Herunterladen<\/a><\/div>\n\n\n\n<p><\/p>\n\n\n\n<div class=\"wp-block-file\"><a href=\"https:\/\/www.tv-forst-handball.de\/cms\/wp-content\/uploads\/2021\/09\/Corona-Hygienekonzept-TV-Forst-Handball-Bestaetigung_3G_Forst.docx\">Corona-Hygienekonzept TV Forst Handball Bestaetigung_3G_Forst<\/a><a href=\"https:\/\/www.tv-forst-handball.de\/cms\/wp-content\/uploads\/2021\/09\/Corona-Hygienekonzept-TV-Forst-Handball-Bestaetigung_3G_Forst.docx\" class=\"wp-block-file__button\" download>Herunterladen<\/a><\/div>\n\n\n\n<div class=\"wp-block-file\"><a href=\"https:\/\/www.tv-forst-handball.de\/cms\/wp-content\/uploads\/2021\/09\/Corona-Hygienekonzept-TV-Forst-Handball-Bestaetigung_3G_Forst.pdf\">Corona-Hygienekonzept-TV-Forst-Handball-Bestaetigung_3G_Forst<\/a><a href=\"https:\/\/www.tv-forst-handball.de\/cms\/wp-content\/uploads\/2021\/09\/Corona-Hygienekonzept-TV-Forst-Handball-Bestaetigung_3G_Forst.pdf\" class=\"wp-block-file__button\" download>Herunterladen<\/a><\/div>\n\n\n\n<div class=\"wp-block-file\"><a href=\"https:\/\/www.tv-forst-handball.de\/cms\/wp-content\/uploads\/2021\/09\/Corona-Hygienekonzept-TV-Forst-Handball-Anwesenheitsnachweis_Zuschauer.pdf\">Corona-Hygienekonzept-TV-Forst-Handball-Anwesenheitsnachweis_Zuschauer<\/a><a href=\"https:\/\/www.tv-forst-handball.de\/cms\/wp-content\/uploads\/2021\/09\/Corona-Hygienekonzept-TV-Forst-Handball-Anwesenheitsnachweis_Zuschauer.pdf\" class=\"wp-block-file__button\" download>Herunterladen<\/a><\/div>\n\n\n\n<p><\/p>\n","protected":false},"excerpt":{"rendered":"<p>Liebe Handballfreunde, aufgrund der aktuellen Corona-Situation gelten f\u00fcr die Spiele in der Waldseehalle Forst besondere Hygieneregeln: F\u00fcr den Zugang zur Waldseehalle gilt die bekannte 3G-Regelung. Sportler, Betreuer und Zuschauer beachten bitte das bestehende Hygienekonzept. Der Mannschaftsverantwortliche der Gastmannschaft stellt dem Veranstalter bei Ankunft eine Best\u00e4tigung zur Verf\u00fcgung, dass alle Spielteilnehmer die 3G-Regelung erf\u00fcllen. Die Erfassung &hellip; <a href=\"https:\/\/www.tv-forst-handball.de\/cms\/hygiene\/\" class=\"more-link\"><span class=\"screen-reader-text\">HYGIENE<\/span> weiterlesen <span class=\"meta-nav\">&rarr;<\/span><\/a><\/p>\n","protected":false},"author":4,"featured_media":0,"parent":0,"menu_order":0,"comment_status":"closed","ping_status":"closed","template":"","meta":{"footnotes":""},"class_list":["post-6862","page","type-page","status-publish","hentry"],"_links":{"self":[{"href":"https:\/\/www.tv-forst-handball.de\/cms\/wp-json\/wp\/v2\/pages\/6862","targetHints":{"allow":["GET"]}}],"collection":[{"href":"https:\/\/www.tv-forst-handball.de\/cms\/wp-json\/wp\/v2\/pages"}],"about":[{"href":"https:\/\/www.tv-forst-handball.de\/cms\/wp-json\/wp\/v2\/types\/page"}],"author":[{"embeddable":true,"href":"https:\/\/www.tv-forst-handball.de\/cms\/wp-json\/wp\/v2\/users\/4"}],"replies":[{"embeddable":true,"href":"https:\/\/www.tv-forst-handball.de\/cms\/wp-json\/wp\/v2\/comments?post=6862"}],"version-history":[{"count":11,"href":"https:\/\/www.tv-forst-handball.de\/cms\/wp-json\/wp\/v2\/pages\/6862\/revisions"}],"predecessor-version":[{"id":7005,"href":"https:\/\/www.tv-forst-handball.de\/cms\/wp-json\/wp\/v2\/pages\/6862\/revisions\/7005"}],"wp:attachment":[{"href":"https:\/\/www.tv-forst-handball.de\/cms\/wp-json\/wp\/v2\/media?parent=6862"}],"curies":[{"name":"wp","href":"https:\/\/api.w.org\/{rel}","templated":true}]}}